{"id":1418,"date":"2023-04-10T19:02:33","date_gmt":"2023-04-11T00:02:33","guid":{"rendered":"https:\/\/www.talentohumano.appcotecnova.es\/?page_id=1418"},"modified":"2023-04-14T08:49:22","modified_gmt":"2023-04-14T13:49:22","slug":"convocatorias","status":"publish","type":"page","link":"https:\/\/www.talentohumano.appcotecnova.es\/index.php\/convocatorias","title":{"rendered":"Convocatorias"},"content":{"rendered":"<\/div><\/div><\/div><!-- close content main div --><\/div><\/div><div id='full_slider_1' class='avia-fullwidth-slider main_color avia-shadow   container_wrap fullsize'   ><div  data-size='featured'  data-lightbox_size='large'  data-animation='slide'  data-conditional_play=''  data-ids='1426'  data-video_counter='0'  data-autoplay='false'  data-bg_slider='false'  data-slide_height=''  data-handle='av_slideshow_full'  data-interval='5'  data-class=' '  data-css_id=''  data-scroll_down=''  data-control_layout='av-control-default'  data-custom_markup=''  data-perma_caption=''  data-autoplay_stopper=''  data-image_attachment=''  data-min_height='0px'  data-src=''  data-position='top left'  data-repeat='no-repeat'  data-attach='scroll'  data-stretch=''  data-default-height='28.666666666667'  class='avia-slideshow avia-slideshow-1  av-control-default av-default-height-applied avia-slideshow-featured av_slideshow_full   avia-slide-slider '  itemprop=\"ImageObject\" itemscope=\"itemscope\" itemtype=\"https:\/\/schema.org\/ImageObject\" ><ul class='avia-slideshow-inner ' style='padding-bottom: 28.239499553172%;' ><li  class=' av-single-slide slide-1 ' ><div data-rel='slideshow-1' class='avia-slide-wrap '   ><img src='https:\/\/www.talentohumano.appcotecnova.es\/wp-content\/uploads\/2023\/04\/Convocatorias.jpg' width='1119' height='316' title='Convocatorias' alt=''  itemprop=\"thumbnailUrl\"   \/><\/div><\/li><\/ul><\/div><\/div>\n<div class=\"flex_column av_three_fourth  flex_column_div av-zero-column-padding first  \" style='border-radius:0px; '><section class=\"av_textblock_section \"  itemscope=\"itemscope\" itemtype=\"https:\/\/schema.org\/CreativeWork\" ><div class='avia_textblock  '   itemprop=\"text\" ><p>\u00a1\u00danete a nuestro equipo de trabajo!<\/p>\n<p>En la Corporaci\u00f3n de Estudios Tecnol\u00f3gicos del Norte del Valle estamos comprometidos con la formaci\u00f3n de profesionales \u00edntegros y capaces de enfrentar los retos del mundo laboral. Por esta raz\u00f3n, buscamos a personas talentosas que quieran formar parte de nuestro equipo de trabajo y aportar al crecimiento de la Instituci\u00f3n.<\/p>\n<p>En esta secci\u00f3n encontrar\u00e1s tres opciones: Convocatorias Docente, Convocatorias Administrativos y Formatos hoja de vida. En las convocatorias podr\u00e1s conocer las vacantes disponibles en nuestra Instituci\u00f3n y los requisitos necesarios para aplicar. En la secci\u00f3n de Formatos hoja de vida, encontrar\u00e1s una plantilla que deber\u00e1s llenar con tu informaci\u00f3n personal y laboral para presentarte como candidato a una vacante.<\/p>\n<p>Nos preocupamos por el bienestar de nuestro equipo de trabajo y por brindar las mejores condiciones laborales, por lo que ofrecemos oportunidades de crecimiento y desarrollo profesional, as\u00ed como un ambiente laboral amigable y colaborativo.<\/p>\n<p>Si eres una persona proactiva, comprometida y apasionada por la educaci\u00f3n, te invitamos a aplicar a nuestras convocatorias y formar parte de nuestro equipo de trabajo en la Corporaci\u00f3n de Estudios Tecnol\u00f3gicos del Norte del Valle. \u00a1Te esperamos!<\/p>\n<\/div><\/section><\/div>\n<div class=\"flex_column av_one_fourth  flex_column_div av-zero-column-padding   \" style='border-radius:0px; '><div class='avia-icon-list-container  '><ul class='avia-icon-list avia-icon-list-left av-iconlist-big avia_animate_when_almost_visible'>\n<li><div  class='iconlist_icon  avia-font-entypo-fontello'><span class='iconlist-char ' aria-hidden='true' data-av_icon='\ue80b' data-av_iconfont='entypo-fontello'><\/span><\/div><article class=\"article-icon-entry av-iconlist-empty\"  itemscope=\"itemscope\" itemtype=\"https:\/\/schema.org\/CreativeWork\" ><div class='iconlist_content_wrap'><header class=\"entry-content-header\"><h4 class='av_iconlist_title iconlist_title  '  itemprop=\"headline\"  ><a href='https:\/\/www.talentohumano.appcotecnova.es\/index.php\/convocatoria-docentes' title='Convocatorias Docente'>Convocatorias Docente<\/a><\/h4><\/header><div class='iconlist_content  '  itemprop=\"text\"  ><\/div><\/div><footer class=\"entry-footer\"><\/footer><\/article><div class='iconlist-timeline'><\/div><\/li>\n<li><div  class='iconlist_icon  avia-font-entypo-fontello'><span class='iconlist-char ' aria-hidden='true' data-av_icon='\ue80a' data-av_iconfont='entypo-fontello'><\/span><\/div><article class=\"article-icon-entry av-iconlist-empty\"  itemscope=\"itemscope\" itemtype=\"https:\/\/schema.org\/CreativeWork\" ><div class='iconlist_content_wrap'><header class=\"entry-content-header\"><h4 class='av_iconlist_title iconlist_title  '  itemprop=\"headline\"  ><a href='https:\/\/www.talentohumano.appcotecnova.es\/index.php\/convocatoria-administrativos' title='Convocatorias Administrativo'>Convocatorias Administrativo<\/a><\/h4><\/header><div class='iconlist_content  '  itemprop=\"text\"  ><\/div><\/div><footer class=\"entry-footer\"><\/footer><\/article><div class='iconlist-timeline'><\/div><\/li>\n<li><div  class='iconlist_icon  avia-font-entypo-fontello'><span class='iconlist-char ' aria-hidden='true' data-av_icon='\ue84d' data-av_iconfont='entypo-fontello'><\/span><\/div><article class=\"article-icon-entry av-iconlist-empty\"  itemscope=\"itemscope\" itemtype=\"https:\/\/schema.org\/CreativeWork\" ><div class='iconlist_content_wrap'><header class=\"entry-content-header\"><h4 class='av_iconlist_title iconlist_title  '  itemprop=\"headline\"  ><a href='https:\/\/www.talentohumano.appcotecnova.es\/index.php\/formato-hoja-de-vida' title='Formatos Hoja de Vida'>Formatos Hoja de Vida<\/a><\/h4><\/header><div class='iconlist_content  '  itemprop=\"text\"  ><\/div><\/div><footer class=\"entry-footer\"><\/footer><\/article><div class='iconlist-timeline'><\/div><\/li>\n<\/ul><\/div><\/div>\n<\/div><\/div><\/div><!-- close content main div --><\/div><\/div><div id='av-layout-grid-1' class='av-layout-grid-container entry-content-wrapper main_color av-flex-cells    container_wrap fullsize'   >\n<div class=\"flex_cell no_margin av_one_half   \" ><div class='flex_cell_inner' ><div class='avia-video avia-video-16-9   av-lazyload-immediate  av-lazyload-video-embed  '   itemprop=\"video\" itemtype=\"https:\/\/schema.org\/VideoObject\"  data-original_url='https:\/\/www.youtube.com\/watch?v=-mDbHRHBcF8' ><script type='text\/html' class='av-video-tmpl'><div class='avia-iframe-wrap'><iframe title=\"Docentes COTECNOVA\" width=\"1500\" height=\"844\" src=\"https:\/\/www.youtube.com\/embed\/-mDbHRHBcF8?feature=oembed\" frameborder=\"0\" allow=\"accelerometer; autoplay; clipboard-write; encrypted-media; gyroscope; picture-in-picture; web-share\" allowfullscreen><\/iframe><\/div><\/script><div class='av-click-to-play-overlay'><div class=\"avia_playpause_icon\"><\/div><\/div><\/div>\n<\/div><\/div><div class=\"flex_cell no_margin av_one_half   \" ><div class='flex_cell_inner' ><div class='avia-video avia-video-16-9   av-lazyload-immediate  av-lazyload-video-embed  '   itemprop=\"video\" itemtype=\"https:\/\/schema.org\/VideoObject\"  data-original_url='https:\/\/view.genial.ly\/60cd10079045a30d26924ec8\/interactive-content-detective-vibrant' ><script type='text\/html' class='av-video-tmpl'><div class='avia-iframe-wrap'><iframe class=\"wp-embedded-content\" sandbox=\"allow-scripts\" security=\"restricted\" title=\"Proceso de Selecci\u00f3n Docente\" frameborder='0' width='800' height='1600' src='https:\/\/view.genial.ly\/60cd10079045a30d26924ec8#?secret=Je5qq8CfLc' data-secret='Je5qq8CfLc' scrolling='yes'><\/iframe><\/div><\/script><div class='av-click-to-play-overlay'><div class=\"avia_playpause_icon\"><\/div><\/div><\/div>\n<\/div><\/div><\/div>\n","protected":false},"excerpt":{"rendered":"","protected":false},"author":5,"featured_media":0,"parent":0,"menu_order":0,"comment_status":"closed","ping_status":"closed","template":"","meta":[],"_links":{"self":[{"href":"https:\/\/www.talentohumano.appcotecnova.es\/index.php\/wp-json\/wp\/v2\/pages\/1418"}],"collection":[{"href":"https:\/\/www.talentohumano.appcotecnova.es\/index.php\/wp-json\/wp\/v2\/pages"}],"about":[{"href":"https:\/\/www.talentohumano.appcotecnova.es\/index.php\/wp-json\/wp\/v2\/types\/page"}],"author":[{"embeddable":true,"href":"https:\/\/www.talentohumano.appcotecnova.es\/index.php\/wp-json\/wp\/v2\/users\/5"}],"replies":[{"embeddable":true,"href":"https:\/\/www.talentohumano.appcotecnova.es\/index.php\/wp-json\/wp\/v2\/comments?post=1418"}],"version-history":[{"count":8,"href":"https:\/\/www.talentohumano.appcotecnova.es\/index.php\/wp-json\/wp\/v2\/pages\/1418\/revisions"}],"predecessor-version":[{"id":1424,"href":"https:\/\/www.talentohumano.appcotecnova.es\/index.php\/wp-json\/wp\/v2\/pages\/1418\/revisions\/1424"}],"wp:attachment":[{"href":"https:\/\/www.talentohumano.appcotecnova.es\/index.php\/wp-json\/wp\/v2\/media?parent=1418"}],"curies":[{"name":"wp","href":"https:\/\/api.w.org\/{rel}","templated":true}]}}